ulate the remainder when 168 is divided by 47 + (-3*(-10)/6 - 7).
33
Suppose -3*u + 30 = u + 2*h, 4*h - 24 = -2*u. What is the remainder when 61 is divided by (-5 + 28/8)/(u/(-92))?
15
Suppose -2*a - 23 = -l - 5*a, -a = -2*l + 25. Let u = -384 + 435. What is the remainder when u is divided by l?
9
Let b(a) = a**3 + 20*a**2 - 59*a + 24. What is the remainder when b(-15) is divided by 97?
94
Suppose 3*g + 364 = 7. Let r = 202 + g. What is the remainder when r is divided by 30?
23
Let j = -39 + 38. Suppose 5*d - 282 = p, -2*d + p + 123 = 4*p. What is the remainder when d is divided by (-15)/20 + j/4 - -23?
13
Suppose 12 - 7 = -5*p, -20*c + 2*p = -25762. What is the remainder when 3878 is divided by c?
14
Let m(p) = p**3 - 2*p**2 - 4*p + 6. Let y be m(5). Let x = y + -93. Let a = 22 - x. Calculate the remainder when a is divided by 11.
10
What is the remainder when (-23)/(-92) - (-511)/4 is divided by 88?
40
Let n be 3 - (-14)/(-4) - 465/(-6). Let c = -72 + n. Calculate the remainder when (-74)/(-6) - 4/(-6) is divided by c.
3
Suppose 0*c + 1104 = 4*c + 4*p, 4*c - 1084 = p. Let q = -263 + c. What is the remainder when 33 is divided by q?
6
Let h(w) = w**3 + 9*w**2 - 18*w - 24. Let b be h(-12). Let r = b + 260. Calculate the remainder when 35 is divided by r.
15
Calculate the remainder when 1232 is divided by 118/5*((-10)/(-3) + 1550/372).
170
Let g be ((-3)/5)/(10/(-50)). Calculate the remainder when 14276/32 + 1/(-8) + g is divided by 11.
9
Let b be (-5 + 2 + 0)*1. Let x(w) = 8*w + 13. Let s(c) = 2*c. Let p(h) = b*s(h) - x(h). Calculate the remainder when p(-4) is divided by 13.
4
Suppose 0 = -2*k - 3*o + 174, 406*k = 410*k + 4*o - 332. Calculate the remainder when 3061 is divided by k.
61
Let j = -379 - -390. Suppose -14*l = j*l - 4925. What is the remainder when l is divided by 40?
37
Let y = -86 + 117. Let w = y - 1. What is the remainder when w is divided by (-13)/(-1)*(-3)/(-6)*2?
4
Let k(h) = 20 + 10*h**2 - 19 + 2*h**2 + 9*h - 10*h. Let g(o) = o**2 + 6*o + 1. Let j be g(-6). What is the remainder when 71 is divided by k(j)?
11
Calculate the remainder when 10784/20 - ((-55)/(-25) - 2) is divided by 25.
14
Let s(a) = a**3 + 49*a**2 - 64*a - 546. Calculate the remainder when 2926 is divided by s(-50).
0
Let q(y) = 3*y - y - 6*y + 15*y**2 + 20 - y - y**3. Let n be q(14). Let m = n + -82. Calculate the remainder when m is divided by 13.
12
Suppose 24640*m - 24634*m = 612. Calculate the remainder when 5401 is divided by m.
97
Suppose -y + 539 = -4*d, 6*y + 2560 = 11*y + 7*d. Calculate the remainder when y is divided by 143.
90
Suppose 31*l = 33*l + 6, 0 = 5*r + 2*l - 459. Suppose 67 + 158 = 5*p. What is the remainder when r is divided by p?
3
Suppose 4*p - 123 - 221 = 0. Suppose s - 73 = p. What is the remainder when s is divided by 18?
15
Let t be (-8)/5*((-86)/(-4) - -1). Let g(y) = 4*y + 226. What is the remainder when g(t) is divided by 12?
10
Let y = 2750 - 2731. Calculate the remainder when 259 is divided by y.
12
Suppose x - 5*i = 120, -5*x - 3*i + 480 = 2*i. Let w(v) = -v**3 - 15*v**2 + 37*v + 390. Calculate the remainder when x is divided by w(-16).
46
What is the remainder when (-59432)/(-204) + 1/(-3) is divided by 59?
55
What is the remainder when (-38)/((-456)/7308) - (-7 + -1) is divided by 32?
9
Suppose 0 = -4*b + 167 + 25. Suppose -5*y + b = -32. Suppose 2*z = -3*m + 138 - 17, 0 = -2*z - 4*m + 120. Calculate the remainder when z is divided by y.
14
Let n(j) = -j**2 + 11*j - 18. Let u be n(2). Let k(b) = -b**2 + 18*b + 88. Suppose v = 6*v - 115. What is the remainder when k(u) is divided by v?
19
Let p(r) = r**3 + 34*r**2 - 342*r + 69. What is the remainder when p(-42) is divided by 55?
46
Suppose 0 = 17*q - 9 - 314. Calculate the remainder when (-2162)/(-38) + 10/95 is divided by q.
0
Suppose -1233 = -3*u - 399. Let w = u - 274. Let m(t) = 2*t**2 + 10*t + 7. What is the remainder when m(-6) is divided by w?
3
What is the remainder when 593 is divided by (2 - -41) + (4/5)/(2/(-5))?
19
Let u = -393 - -437. Let k = 206 + -194. What is the remainder when u is divided by k?
8
What is the remainder when 282 is divided by (1/2)/(14/196) + 4?
7
Let b(y) = -1219*y - 9667. What is the remainder when b(-8) is divided by 26 - (2 - 0) - 0?
13
Let h(k) = -2*k - 13. Let j be h(-10). Suppose -j*d - 35 = -8*d. Let o = d - 3. What is the remainder when o is divided by 11?
10
Let x = -476 - -528. Suppose 25*u - x = 21*u. Calculate the remainder when u is divided by 4.
1
Suppose -o + 163 = 42. Let q = 171 - o. Suppose 9*b - 4*b = q. What is the remainder when 48 is divided by b?
8
Let u = 3 + -3. Suppose -h - 7 = -u. Let n = 8 + h. Calculate the remainder when 1 is divided by n.
0
Let w = -1227 - -1334. Suppose 0 = 11*i - 18*i + 1435. What is the remainder when i is divided by w?
98
Let f(l) = -59*l**3 + 2*l**2 + 2*l + 1. Suppose -7*c + 315 = -84. Let x = c - 36. What is the remainder when f(-1) is divided by x?
18
Calculate the remainder when 5298 is divided by (-2882)/(-110) + 5 + 124/(-20).
23
Let x(g) = -g**3 - 19*g**2 - 33*g + 52. Calculate the remainder when 1082 is divided by x(-17).
32
Let a be -2 - 9*2/6 - 0. Calculate the remainder when 63 is divided by 8 + 1 + 2 + a.
3
Let t = 291 + -171. Suppose 0 = 2*u + 12, -74 - 135 = -5*m - u. What is the remainder when t is divided by m?
34
Suppose 3*b + 1 = 7. Suppose 3*n + 2 = b*n + 4*d, 0 = 3*n + 3*d - 39. Calculate the remainder when 113 is divided by (-192)/(-5) + (-4)/n.
37
Let j(m) = 41*m - 450. Let c(s) = -s**3 - 4*s**2 + 14*s + 7. Let f be c(-6). Let q = 12 + f. What is the remainder when q is divided by j(11)?
0
Suppose 197 - 41 = 12*p. Let x(k) = 17*k - 45. What is the remainder when x(10) is divided by p?
8
Suppose 0 = -11*m - 10*m - 3*m. Suppose -10*i - 3*i + 1001 = m. What is the remainder when i is divided by 43?
34
Let l = -5824 - -5836. What is the remainder when 59 is divided by l?
11
Let l be 1*(-8)/((-24)/351). Let v = l + -48. Calculate the remainder when v is divided by 14.
13
Suppose 2*f = 7*f - 5*m - 265, 5*f - 277 = 2*m. Suppose -12*y + 48 = 264. Let d = 33 + y. Calculate the remainder when f is divided by d.
12
Suppose 0 = -228*r + 227*r - 34. Let h = -10 - r. What is the remainder when 33 is divided by h?
9
Let o be (-544)/680 - 43/10*44. Let x = -156 - o. Calculate the remainder when x is divided by 19.
15
Suppose 5*b = -369*l + 367*l + 960, 0 = 4*l - 4*b - 2004. Suppose -65 = -y - 2*s, 2*y = 3*s + 181 - 30. Calculate the remainder when l is divided by y.
69
Let t(q) = -q**3 - 8*q**2 - 10*q - 18. Let y = 24 - 19. Let r(m) = -m**3 + 6*m**2 + 2*m - 4. Calculate the remainder when t(-9) is divided by r(y).
29
Let r be (-2)/(-6) - (-26)/(-6). Let v(f) = -f**3 - 3*f**2 - 4*f + 2. What is the remainder when v(r) is divided by (24/10)/((-10)/(-25))?
4
Suppose 18 = 3*y - 4*v - 22, 5*y + 5*v = 55. Calculate the remainder when 26 is divided by y.
2
Let x(p) = p**2 - 1. Let y be x(4). Let v(u) = -u**3 + 5*u**2 + 3*u - 1. What is the remainder when (y/(-5) - -1)*-38 is divided by v(3)?
24
Let m = 136 - 363. Let u = 259 + m. Calculate the remainder when 158 is divided by u.
30
Let i = -28558 - -29029. What is the remainder when 480 is divided by i?
9
Suppose 3*k + 346 = 5*k + 2*f, f = -4*k + 689. Calculate the remainder when k is divided by 37.
24
Suppose 6 = -h - 8. Let g(v) = v + 66. Let a = -62 + 73. Calculate the remainder when g(h) is divided by a.
8
Suppose 3*a - 2165 = g, 5*g - 9*g = 8. What is the remainder when a is divided by 258?
205
Let p = -1258 + 1418. What is the remainder when 184 is divided by p?
24
Suppose 0 = -28*h - 26*h + 1674. What is the remainder when 867 is divided by h?
30
Let p(q) = -q**2 - 20*q - 24. Let a be p(-9). Suppose -6*s + 2*s + 18 = x, 0 = -5*x - 5*s + a. Calculate the remainder when 31 is divided by x.
3
Suppose 21*w + 319 = 50*w. Suppose 0 = w*q + 25*q - 4212. Calculate the remainder when q is divided by 33.
18
Let q(n) = 37*n + 3028. What is the remainder when q(-79) is divided by 7?
0
Suppose -383 = 4*r - r - 4*c, r = 4*c - 141. Let o(x) = -9*x**2 + 4*x + 8. Let v be o(-3). Let j = v - r. What is the remainder when j is divided by 13?
10
Suppose -3*f + 2*t + 126 = f, -3*f + 102 = -3*t. Let h(d) = -125*d + 20279. Calculate the remainder when